o. Let a be v(1). Let r = -19 - a. What is i(r)?
0
Let k(c) = -6*c**3 + c**2 + 4*c - 2. Let h(g) = -g**3 + g - 1. Let b(l) = -4*h(l) + k(l). Let s be 28/224*(-96)/6. Determine b(s).
22
Let s be (0 - -1)*(2 + 1). Let v(c) = 158*c**2 + 12*c - 15. Let u(k) = 271*k**2 + 20*k - 26. Let b(t) = 7*u(t) - 12*v(t). What is b(s)?
-5
Let g(r) = -r**2 - 8*r**2 + 7*r**2 + 0*r + r + 3. Let s(t) = -t**2 + 27*t - 173. Let k be s(16). Calculate g(k).
-12
Let o(k) = -k**3 - 11*k**2 + 21*k - 50. Let q(n) = -2*n**3 - 21*n**2 + 48*n - 99. Let b(c) = 9*o(c) - 4*q(c). Determine b(-15).
-9
Let v(x) = -43*x**2 - 9*x - 10. Let s(u) = -37*u**2 - 8*u - 8. Let r(l) = 7*s(l) - 6*v(l). What is r(2)?
-4
Let w be (2 + 0)/((-42)/(-2289)). Suppose 3*g - 7*g - 444 = 0. Let d = w + g. Let n(b) = b**3 + 6*b**2 + 4*b + 2. What is n(d)?
10
Let x(j) = -16*j - 55. Let w(b) = -5*b - 6 + 4 + 4 - 7 - 11. Let c(f) = -21*w(f) + 6*x(f). Give c(-5).
-39
Let q(z) = 2*z**3 - 15*z**2 + 4*z - 5. Let l(i) = 82*i + 827. Let k be l(-10). Give q(k).
-26
Let q be (-1)/(-7) + -8 + 60/70. Let n be (-140)/(-24) + 3/18. Let d(m) = -2*m - 1 - n + m + 1. Determine d(q).
1
Let i(m) = 16*m**3 - m**2 + 22621758 - 22621758 - m. Give i(-1).
-16
Let d(p) = 2*p - 1. Let b(i) = 3*i - 3. Let f(k) = 2*b(k) - 5*d(k). Let t be (-50)/(-40) + 5/(-4) + 0. Suppose 5*l + r = t, 3*l + r + 28 = 6*r. Calculate f(l).
3
Let w(h) = -7*h + 41. Suppose -11408*x + 11397*x + 121 = 0. What is w(x)?
-36
Let k(f) = 763 - 4*f - 767 + 15*f. Give k(-7).
-81
Let i(j) = -j**3 + 1304*j**2 - 650*j**2 - 655*j**2 + 6 - j. Suppose -5*h = c + 210, 4*c - 9*c = 25. Let m = 41 + h. What is i(m)?
6
Suppose 14 = 2*r + 4. Suppose 2*s - 8 = -m + r*s, m - 2*s - 5 = 0. Let w be (1 + -9)/(-1 + m). Let p(h) = -2*h + 6. Calculate p(w).
-2
Let u(z) = -z**3 + 6*z**2 - 4*z + 2. Let o(r) = -2*r - 19. Let m be 2/((2/(-14))/(84/98)). Let w be o(m). Give u(w).
7
Suppose 4*i = 8 - 20. Let c(b) = 2 - 8*b**2 - 5928*b - b**3 + 5*b**2 + 5929*b. What is c(i)?
-1
Let u(f) be the second derivative of f**5/60 + 3*f**4/8 - 2*f**3/3 - 43*f**2 + 3*f + 19. Let a(t) be the first derivative of u(t). Calculate a(-7).
-18
Let x(g) be the third derivative of -g**5/60 - 5*g**4/24 + 3*g**3/2 - 19*g**2 - 8. Suppose -4*o = -3*o + 7. What is x(o)?
-5
Let s(d) be the third derivative of d**6/120 - 17*d**5/60 - 37*d**4/24 - 19*d**3/6 + 519*d**2 - d. Determine s(19).
0
Let g(d) = -27*d**3 + 5 - 16*d + 26*d**2 - 9*d**3 - 11*d + 37*d**3 + d. Calculate g(-27).
-22
Let p(z) be the second derivative of -z**5/20 - z**4/3 - z**3/3 - z**2 + z + 4. Determine p(-5).
33
Let n(l) = l - 34. Let k(a) = 46*a - 899. Let r be k(19). What is n(r)?
-59
Let l(g) be the second derivative of 5*g**3/6 + 2*g**2 + 2280*g. Determine l(-3).
-11
Let g(z) = -z**2 - 18*z - 17. Let x be g(-12). Suppose 9*d = -2*d + x. Let b(l) = 1. Let v(o) = -o + 4. Let n(w) = b(w) + v(w). What is n(d)?
0
Let j(o) = -18*o - 6*o**2 - 41*o + 51*o + 9*o**2 - 58. Give j(6).
2
Let f(x) = x**3 - x**2 - x - 2. Let z(m) = -5*m**3 + 3*m + 12. Let a(l) = 6*f(l) + z(l). Let o(t) = t**2 + 5*t - 1. Let g be o(-6). Give a(g).
-40
Let g(o) = -11*o + 3. Suppose 21 - 5 = 4*a, 3*z = -4*a + 25. Calculate g(z).
-30
Let m(n) be the first derivative of 5*n**3/6 + 3*n**2/2 - 82*n - 104. Let p(w) be the first derivative of m(w). What is p(-3)?
-12
Let r(t) = -t**3 - 7*t**2 + 7*t + 4. Let j(i) = -i. Let x(l) = 6*j(l) + r(l). Let v be (-2 - -1) + 5/5. Let a be (6 + (v - -1))/(1 + -2). Determine x(a).
-3
Suppose -25 = -4*d - 4*w + 63, 0 = -2*d + 5*w + 16. Suppose -d*u = -20*u + 2. Let i(l) = 5*l**2 - 3*l + 2. Give i(u).
4
Let c(n) = -157*n - 3 - 159*n + 634*n + 1 - 159*n - 149*n - n**2. Let y = 18 + -8. Give c(y).
-2
Let s = 284/9 + -565/18. Let r(d) be the second derivative of 0 - 6*d - 5/2*d**2 - s*d**3. Calculate r(-5).
0
Let r be ((-39 - -12) + 25)*(0 + -1 + 2). Let k(s) = -4*s**2 + 6*s + 16. Let j(w) = -3*w**2 + 4*w + 11. Let o(n) = 7*j(n) - 5*k(n). Calculate o(r).
-3
Let p(k) = 2*k - 15723 - 3*k + 15732. Suppose 0 = -0*g - 2*g + 24. Determine p(g).
-3
Let b = 1327 + -5307/4. Let q(a) be the first derivative of 3 - 5/2*a**2 - 7*a - 7/3*a**3 - b*a**4. What is q(-6)?
-13
Let r be (3 - 3) + (2 - -23). Suppose -2*y = -4*d - 36, 0 = 5*d - y - r + 64. Let m be (6/(-3))/(d/((-21)/(-6))). Let k(l) = -2*l**2 + l. Determine k(m).
-1
Suppose -4*h = -4*n - 0*n - 48, -3*h - 12 = n. Let q = 28 - 27. Let y(z) = 2 + z + 4 - q. Calculate y(n).
-7
Let g(p) = p**3 - 7*p**2 + 7*p - 7. Let q = 41 + -40. Let y be q + -3 + -1 - (-32 + -3). Let b = y + -26. Give g(b).
-1
Let t(f) = 31*f**3 + 9*f**2 - 20*f + 13. Let s(j) = -41*j**3 - 9*j**2 + 24*j - 12. Let h(w) = 3*s(w) + 4*t(w). Let l be (-15)/(-4)*16/(-6). Determine h(l).
-4
Let b(p) = 3*p**2 + 2*p + 51. Let w(q) = -3*q**2 - 35. Let l(t) = -2*b(t) - 3*w(t). Calculate l(3).
18
Let t(y) = 7*y. Suppose -2*i - 2 = 3*v, v - 2*i = -6*i - 14. Suppose v = 4*p - 4*m - 46, 0 = -m - 4. Let l be p/6 + (-8)/24. Calculate t(l).
7
Let k be -9 - ((-6)/(-8))/((-252)/(-192))*14. Let l(m) = m**2 + 14*m + 12. Calculate l(k).
63
Let h(u) = -u**3 + 7*u**2 - 5*u + 8. Let d = -98 - 179. Let q = 283 + d. What is h(q)?
14
Let m(p) = -p**3 + 17*p**2 - 43*p + 24. Let d be m(14). Let s be 1 + -6 + d + -1 - 7. Let x(w) = -3*w**2 - 4*w - 1. Give x(s).
-16
Let r(u) = -3*u + 508. Let t(y) = -y - 251. Let h(b) = -5*r(b) - 9*t(b). Give h(12).
7
Let j(y) be the second derivative of y**8/6720 + y**7/420 - y**6/180 + y**5/20 + 13*y**4/4 - y - 33. Let a(s) be the third derivative of j(s). Determine a(-6).
30
Let b(l) be the second derivative of l**4/12 - 7*l**3/6 + 6*l**2 - 3168*l. Determine b(10).
42
Let x = -20 - -22. Let l(d) = -d - 6. Let z(s) = -13*s - 5. Let v(k) = l(k) - z(k). Determine v(x).
23
Let a(b) = -3*b**3 - 6*b**2 + 2*b + 8. Suppose 309*r - 7 = 316*r. Calculate a(r).
3
Let p(b) = 2*b**3 - 11*b**2 + 11*b + 4. Suppose 28 = -f - 4*q, 12*f + 40 = 16*f - 3*q. What is p(f)?
0
Suppose o = -2*j - 8, -4*o - 15 - 2 = 5*j. Let p(t) = -5 + 2*t + 1 + t**2 + 0*t + o*t. What is p(-5)?
1
Let z = -22 - -26. Let h be ((-1)/(-3))/(z/36) - 1. Let x(y) = 5*y**3 + 2*y**3 - h*y**3 + 2 - 9*y - 4*y**3 - 7*y**2. Determine x(8).
-6
Suppose -b - 3 = -2*b. Let d(v) be the first derivative of -v + 1/3*v**3 + 136 - 1/4*v**4 + 3/2*v**2. Give d(b).
-10
Let n = 258 - 256. Let v(d) = -d**3 + 2*d - 11 + 5 + 2 + 2*d**n + 3. Give v(3).
-4
Let o be (-82 + 81)*(-3 + -2 + -35). Let n(k) = k**2 - 46*k + 245. What is n(o)?
5
Let l(o) = -o**2 - 127*o - 3993. Let z be l(-58). Let p(u) = -10*u + 70. What is p(z)?
-20
Let i(h) = -h**3 - h**2 - h + 4. Let c(z) = 2*z**2 + 17*z + 40. Suppose 82*f + 24 = 79*f. Let g be c(f). Let k = g + -32. What is i(k)?
4
Let k(p) = -7*p**2 + 5 - 8*p + 86*p**3 + 0*p - 190*p**3 + 103*p**3. Give k(-4).
-11
Let k(s) = -s**2 - 8*s - 9. Let d(q) = q**3 + 4*q**2 + 3*q + 24. Let b be d(-4). Suppose 4*g = 3*o + 37, 4*o + 9*g + b = 5*g. Determine k(o).
-2
Let w(c) = -4*c**3 + 11*c**2 + 33*c + 93. Let f(b) = -5*b**3 + 10*b**2 + 34*b + 115. Let q(v) = 3*f(v) - 4*w(v). Give q(16).
5
Let p(g) = -g**2 - 20*g - 24. Let l be p(-17). Let y(a) = -32 - 14 - 7 + l - 7*a. Determine y(-5).
9
Let b(n) = -n**2 - 11*n - 7. Let l(a) be the second derivative of 5*a**4/12 + 55*a**3/6 + 35*a**2/2 + 41*a. Let r(q) = -11*b(q) - 2*l(q). What is r(-10)?
-3
Let z(r) = -r**2 + 6*r - 2. Let v be z(4). Let p(y) = -2*y**2 + 17*y - 6. Let d(u) = 8 - 5 + 6*u - u**2 - 6 + 3*u. Let l(i) = 5*d(i) - 3*p(i). Give l(v).
3
Suppose -5*k + 70*o = 65*o + 25, 2*k - 2 = -o. Let c(x) be the second derivative of x**4/6 + x**2/2 - 4*x. Determine c(k).
3
Let c(p) be the third derivative of p**9/60480 - p**7/5040 + p**6/120 - 139*p**5/60 - 8*p**2 - 7. Let a(m) be the third derivative of c(m). Give a(0).
6
Let s(w) = 15116*w**2 - 17 + 2*w**3 + 15115*w**2 - 30227*w**2 - 5*w + 4. Calculate s(-2).
-3
Let o(a) = 37 + 121 + 46 + 55*a + 150*a. Give o(-1).
-1
Let w(o) = -7*o - 9. Let d(v) = 46*v + 34. Let i(m) = 9*m + 7. Suppose 5*p - 4 = 76. Let z(t) = p*i(t) - 3*d(t). Let g(q) = 5*w(q) + 6*z(q). Calculate g(0).
15
Let n be (-20)/6*51/34. Let x = n + 9. Let y(m) = -m**2 + m - 1. Calculate y(x).
-13
Let v(z) = 9*z**3 - z**2 + z - 1. Let g = 418 - 415. Let u be ((-8)/16)/((g/3)/(-2)). Calculate v(u).
8
Let d(c) = 26*c**2 - 155*